{"id":11988,"date":"2020-07-24T17:39:54","date_gmt":"2020-07-24T17:39:54","guid":{"rendered":"https:\/\/maqmundi.etion.digital\/?post_type=product&amp;p=11988"},"modified":"2020-07-24T17:39:54","modified_gmt":"2020-07-24T17:39:54","slug":"rotuladora-r-line-3","status":"publish","type":"product","link":"https:\/\/maqmundi.com.br\/novo.maqmundi.com.br\/produto\/rotuladora-r-line-3\/","title":{"rendered":"Rotuladora R-Line 3"},"content":{"rendered":"<p><center><iframe title=\"YouTube video player\" src=\"https:\/\/www.youtube.com\/embed\/3a3qeE0JrGA\" width=\"560\" height=\"315\" frameborder=\"0\" allowfullscreen=\"allowfullscreen\"><\/iframe><\/center><\/p>\n","protected":false},"excerpt":{"rendered":"<h4><strong>ROTULADORA R-LINE 3 | CARACTER\u00cdSTICAS:<\/strong><\/h4>\n<p>Conhe\u00e7a as caracter\u00edsticas da\u00a0<a href=\"http:\/\/maqmundi.com.br\/produtos\/\" target=\"_blank\" rel=\"noopener\">Rotuladora R-LINE 3 <\/a>da\u00a0<a href=\"http:\/\/maqmundi.com.br\/\">Maqmundi<\/a>:<\/p>\n<ul>\n<li>Rotulagem de frascos cil\u00edndricos, c\u00f4nicos e planos;<\/li>\n<li>Pode ser configurado com at\u00e9 3 cabe\u00e7otes aplicadores;<\/li>\n<li>Possui esteira transportadora com motor trif\u00e1sico e velocidade fixa;<\/li>\n<li>Velocidade de dispensamento de r\u00f3tulos no cabe\u00e7ote de 15 metros\/minuto;<\/li>\n<li>Capacidade de produ\u00e7\u00e3o de at\u00e9 3.000 frascos\/hora;<\/li>\n<li>Precis\u00e3o de parada do r\u00f3tulo de aproximadamente 0,5mm;<\/li>\n<li>Precis\u00e3o de coloca\u00e7\u00e3o de aproximadamente 1,5mm;<\/li>\n<li>Alimenta\u00e7\u00e3o trif\u00e1sica 220 ou 380 Volts;<\/li>\n<li>Possui contador de produ\u00e7\u00e3o digital;<\/li>\n<li>Fabricada em A\u00e7o 1020 com pintura ep\u00f3xi ou Inox 304;<\/li>\n<li>Acabamento da estrutura com chapas de alum\u00ednio composto.<\/li>\n<\/ul>\n<p><strong>OPCIONAIS:<\/strong><\/p>\n<ul>\n<li>Datador Hot Stamping;<\/li>\n<li>Datador digital;<\/li>\n<li>Sensor ultrass\u00f4nico para leitura de r\u00f3tulos transparentes;<\/li>\n<li>Acumulador de frascos fixo no final da esteira;<\/li>\n<li>Mesa acumuladora girat\u00f3ria;<\/li>\n<li>Mesa alimentadora girat\u00f3ria;<\/li>\n<li>Gabinete em policarbonato 2mm e KIT NR12.<\/li>\n<\/ul>\n<p>Conhe\u00e7a mais sobre nossos produtos acessando nossa p\u00e1gina de v\u00eddeos no\u00a0<a href=\"https:\/\/www.youtube.com\/maqmundi\">YouTube.<\/a><\/p>\n","protected":false},"featured_media":16219,"comment_status":"closed","ping_status":"closed","template":"","meta":[],"product_cat":[20,33,39,29,30,31,32],"product_tag":[],"class_list":{"0":"post-11988","1":"product","2":"type-product","3":"status-publish","4":"has-post-thumbnail","6":"product_cat-alimenticio","7":"product_cat-automotivo","8":"product_cat-bebidas","9":"product_cat-cosmeticos-e-perfumaria","10":"product_cat-farmaceutico","11":"product_cat-higiene-e-limpeza","12":"product_cat-quimicos","14":"first","15":"instock","16":"shipping-taxable","17":"product-type-simple"},"_links":{"self":[{"href":"https:\/\/maqmundi.com.br\/novo.maqmundi.com.br\/wp-json\/wp\/v2\/product\/11988","targetHints":{"allow":["GET"]}}],"collection":[{"href":"https:\/\/maqmundi.com.br\/novo.maqmundi.com.br\/wp-json\/wp\/v2\/product"}],"about":[{"href":"https:\/\/maqmundi.com.br\/novo.maqmundi.com.br\/wp-json\/wp\/v2\/types\/product"}],"replies":[{"embeddable":true,"href":"https:\/\/maqmundi.com.br\/novo.maqmundi.com.br\/wp-json\/wp\/v2\/comments?post=11988"}],"wp:featuredmedia":[{"embeddable":true,"href":"https:\/\/maqmundi.com.br\/novo.maqmundi.com.br\/wp-json\/wp\/v2\/media\/16219"}],"wp:attachment":[{"href":"https:\/\/maqmundi.com.br\/novo.maqmundi.com.br\/wp-json\/wp\/v2\/media?parent=11988"}],"wp:term":[{"taxonomy":"product_cat","embeddable":true,"href":"https:\/\/maqmundi.com.br\/novo.maqmundi.com.br\/wp-json\/wp\/v2\/product_cat?post=11988"},{"taxonomy":"product_tag","embeddable":true,"href":"https:\/\/maqmundi.com.br\/novo.maqmundi.com.br\/wp-json\/wp\/v2\/product_tag?post=11988"}],"curies":[{"name":"wp","href":"https:\/\/api.w.org\/{rel}","templated":true}]}}